e greatest common divisor of 1068 and 24.
12
Calculate the highest common divisor of 1480 and 540.
20
Calculate the highest common divisor of 2120 and 40.
40
Calculate the highest common divisor of 1975 and 25.
25
Calculate the greatest common divisor of 250 and 200.
50
What is the greatest common factor of 22 and 5?
1
What is the highest common factor of 42 and 1050?
42
Calculate the highest common factor of 8580 and 770.
110
What is the highest common divisor of 7168 and 28?
28
Calculate the greatest common factor of 42 and 6699.
21
What is the highest common factor of 18 and 2718?
18
What is the greatest common factor of 564 and 1551?
141
What is the highest common factor of 194 and 46?
2
What is the greatest common factor of 2224 and 16?
16
What is the greatest common factor of 4 and 839?
1
What is the highest common divisor of 18264 and 24?
24
What is the highest common divisor of 45 and 105?
15
Calculate the highest common divisor of 416 and 91.
13
Calculate the highest common factor of 132 and 30.
6
Calculate the greatest common divisor of 7 and 7.
7
What is the greatest common factor of 34 and 1666?
34
What is the highest common factor of 98 and 2996?
14
Calculate the greatest common divisor of 45 and 15.
15
Calculate the highest common factor of 270 and 702.
54
What is the highest common divisor of 518 and 336?
14
What is the highest common divisor of 169 and 104?
13
What is the highest common divisor of 18 and 48?
6
What is the highest common divisor of 8 and 1024?
8
Calculate the highest common divisor of 1020 and 7548.
204
Calculate the highest common divisor of 3323 and 1.
1
What is the highest common factor of 623 and 356?
89
Calculate the greatest common factor of 12 and 1644.
12
What is the greatest common factor of 237 and 711?
237
What is the highest common factor of 22 and 121?
11
Calculate the highest common divisor of 99 and 66.
33
Calculate the highest common factor of 279 and 124.
31
What is the greatest common factor of 54 and 594?
54
Calculate the greatest common divisor of 20 and 380.
20
What is the greatest common factor of 15 and 40?
5
Calculate the greatest common factor of 289 and 34.
17
What is the greatest common divisor of 6154 and 17?
17
Calculate the highest common factor of 3 and 321.
3
What is the highest common divisor of 12 and 222?
6
What is the greatest common divisor of 725 and 29?
29
What is the greatest common factor of 65 and 104?
13
Calculate the greatest common factor of 33115 and 370.
185
What is the highest common divisor of 40 and 1810?
10
Calculate the greatest common factor of 350 and 329.
7
Calculate the greatest common factor of 96 and 192.
96
Calculate the greatest common factor of 1269 and 9.
9
Calculate the greatest common factor of 355 and 5.
5
What is the highest common factor of 102 and 34?
34
What is the greatest common divisor of 495 and 270?
45
Calculate the greatest common divisor of 691 and 1.
1
What is the greatest common divisor of 189 and 14931?
189
What is the highest common divisor of 329 and 235?
47
What is the greatest common factor of 18 and 450?
18
What is the highest common factor of 22 and 35?
1
Calculate the highest common divisor of 14 and 4942.
14
Calculate the greatest common factor of 45 and 10.
5
Calculate the greatest common factor of 132 and 24.
12
Calculate the highest common factor of 28 and 224.
28
Calculate the highest common factor of 2479 and 67.
67
Calculate the greatest common factor of 672 and 40.
8
What is the highest common divisor of 392 and 56?
56
What is the highest common factor of 80 and 5?
5
What is the highest common divisor of 931 and 14?
7
Calculate the greatest common factor of 415 and 5.
5
What is the highest common divisor of 35130 and 60?
30
What is the highest common factor of 120 and 888?
24
What is the greatest common divisor of 96 and 720?
48
Calculate the highest common divisor of 2209 and 141.
47
Calculate the highest common factor of 3103 and 107.
107
What is the highest common factor of 76 and 2812?
76
What is the greatest common factor of 345 and 118335?
345
Calculate the highest common divisor of 20 and 4960.
20
Calculate the greatest common factor of 44 and 116.
4
Calculate the greatest common factor of 4 and 588.
4
Calculate the greatest common factor of 6 and 14124.
6
Calculate the greatest common divisor of 23 and 10488.
23
What is the greatest common divisor of 81 and 36?
9
Calculate the greatest common divisor of 145 and 2349.
29
Calculate the highest common factor of 2 and 208.
2
Calculate the greatest common divisor of 1866 and 12.
6
Calculate the greatest common divisor of 45 and 235.
5
Calculate the greatest common factor of 21 and 4627.
7
Calculate the highest common factor of 1265 and 6831.
253
What is the highest common divisor of 122 and 2?
2
Calculate the greatest common factor of 416 and 169.
13
Calculate the highest common divisor of 31954 and 26.
26
What is the greatest common divisor of 1790 and 10?
10
Calculate the greatest common divisor of 23985 and 41.
41
What is the highest common divisor of 1378 and 208?
26
Calculate the highest common factor of 20 and 428.
4
Calculate the highest common divisor of 8 and 307.
1
What is the highest common factor of 468 and 3198?
78
Calculate the greatest common divisor of 27 and 4239.
27
Calculate the highest common divisor of 16 and 1192.
8
What is the highest common factor of 6 and 654?
6
What is the highest common factor of 225 and 480?
15
What is the highest common divisor of 2624 and 738?
82
Calculate the greatest common divisor of 10 and 320.
10
What is the highest common divisor of 162 and 198?
18
Calculate the highest common factor of 8 and 664.
8
Calculate the greatest common factor of 1875 and 5.
5
What is the highest common factor of 840 and 66?
6
Calculate the highest common factor of 14 and 21.
7
Calculate the greatest common divisor of 922 and 4.
2
What is the greatest common divisor of 220 and 110?
110
What is the highest common factor of 159 and 106?
53
What is the greatest common divisor of 1 and 3612?
1
What is the highest common divisor of 180 and 135?
45
What is the highest common divisor of 14715 and 270?
135
Calculate the highest common divisor of 635 and 390.
5
What is the highest common factor of 14 and 126?
14
Calculate the highest common divisor of 3996 and 555.
111
What is the greatest common factor of 21 and 2667?
21
What is the highest common factor of 125 and 150?
25
What is the greatest common divisor of 266 and 475?
19
What is the greatest common divisor of 135 and 6?
3
What is the highest common divisor of 55 and 66?
11
Calculate the greatest common factor of 19 and 304.
19
What is the highest common factor of 384 and 30?
6
Calculate the highest common factor of 551 and 19.
19
What is the highest common divisor of 143 and 1639?
11
Calculate the highest common factor of 391 and 46.
23
What is the highest common factor of 9400 and 40?
40
Calculate the greatest common factor of 510 and 17.
17
What is the highest common factor of 1143 and 27?
9
What is the greatest common divisor of 111 and 39?
3
What is the highest common divisor of 4369 and 459?
17
Calculate the greatest common divisor of 504 and 28.
28
Calculate the highest common divisor of 5015 and 170.
85
Calculate the highest common divisor of 90 and 6030.
90
What is the greatest common divisor of 874 and 76?
38
Calculate the greatest common factor of 1296 and 66.
6
What is the greatest common divisor of 374 and 33?
11
Calculate the highest common factor of 297 and 473.
11
Calculate the greatest common factor of 846 and 36.
18
Calculate the greatest common divisor of 1173 and 357.
51
Calculate the highest common divisor of 8 and 248.
8
Calculate the greatest common divisor of 858 and 598.
26
What is the highest common factor of 12 and 332?
4
Calculate the highest common factor of 2 and 178.
2
Calculate the highest common divisor of 1131 and 39.
39
What is the greatest common divisor of 4693 and 195?
13
Calculate the greatest common divisor of 2338 and 14.
14
What is the greatest common factor of 4471 and 1315?
263
Calculate the highest common divisor of 8 and 8.
8
What is the highest common factor of 1248 and 39?
39
Calculate the greatest common divisor of 585 and 405.
45
What is 